nd 215?
43
Calculate the greatest common factor of 16984 and 93026.
386
What is the highest common factor of 96 and 2602464?
96
Calculate the greatest common factor of 59 and 4093597.
59
What is the highest common divisor of 44 and 136763?
11
What is the highest common divisor of 13176069 and 309?
309
Calculate the highest common divisor of 3270345 and 78.
39
Calculate the highest common divisor of 53862 and 188.
94
What is the highest common factor of 228947 and 2547?
283
Calculate the highest common factor of 68 and 592280.
68
What is the greatest common divisor of 34888 and 32424?
56
What is the highest common factor of 1445 and 4505?
85
Calculate the greatest common divisor of 376720 and 4880.
80
Calculate the greatest common factor of 44 and 1971464.
44
Calculate the greatest common factor of 98577 and 27.
27
Calculate the highest common factor of 617629 and 355.
71
What is the greatest common divisor of 1278 and 29252?
142
What is the highest common factor of 84 and 69804?
84
Calculate the highest common divisor of 234000 and 13.
13
What is the greatest common divisor of 15 and 346140?
15
What is the greatest common factor of 19043 and 84803?
137
What is the greatest common divisor of 1855786 and 59?
59
Calculate the greatest common divisor of 500 and 14580.
20
What is the highest common divisor of 4885 and 110?
5
What is the greatest common divisor of 38985 and 1725?
345
What is the greatest common factor of 164 and 163836?
164
What is the greatest common divisor of 1238904 and 216?
72
What is the highest common factor of 2184 and 16536?
312
What is the highest common divisor of 56150 and 50?
50
What is the highest common divisor of 50 and 215780?
10
What is the highest common divisor of 2537 and 1534?
59
What is the greatest common divisor of 365649 and 3?
3
Calculate the greatest common factor of 31 and 102331.
31
Calculate the highest common divisor of 21919 and 161.
23
Calculate the highest common divisor of 187031 and 169.
13
Calculate the greatest common factor of 55 and 813230.
55
Calculate the greatest common divisor of 138690 and 144.
18
What is the greatest common divisor of 51968 and 725?
29
What is the greatest common divisor of 95840 and 160?
160
Calculate the greatest common factor of 98 and 162827.
49
Calculate the highest common factor of 4 and 546698.
2
What is the highest common factor of 70 and 20125?
35
Calculate the greatest common divisor of 25104 and 1776.
48
Calculate the greatest common factor of 7837803 and 81.
81
Calculate the highest common factor of 6141 and 22609.
23
Calculate the highest common divisor of 1875900 and 225.
75
What is the greatest common factor of 425950 and 50?
50
Calculate the highest common divisor of 48 and 390912.
48
Calculate the highest common divisor of 44340 and 3.
3
What is the greatest common factor of 1464 and 7686?
366
What is the highest common factor of 3026395 and 4775?
955
Calculate the highest common factor of 701180 and 12.
4
Calculate the greatest common divisor of 708 and 791367.
177
What is the greatest common divisor of 1023 and 620433?
33
Calculate the highest common divisor of 110734 and 26.
26
Calculate the highest common divisor of 435267 and 658.
329
Calculate the greatest common divisor of 35844 and 1566.
174
Calculate the highest common divisor of 852 and 30246.
426
What is the greatest common divisor of 2990 and 57730?
230
What is the highest common divisor of 108 and 281745?
27
Calculate the greatest common factor of 20 and 246660.
20
What is the highest common factor of 12994 and 7476?
178
What is the highest common factor of 324 and 494748?
324
Calculate the greatest common divisor of 34 and 124627.
17
Calculate the greatest common factor of 49 and 42777.
49
What is the greatest common divisor of 159530 and 477?
53
What is the greatest common factor of 21 and 8511?
3
Calculate the highest common divisor of 22 and 62722.
22
What is the greatest common divisor of 781 and 1914?
11
Calculate the greatest common factor of 10 and 229780.
10
Calculate the greatest common divisor of 480 and 632820.
60
What is the greatest common divisor of 10 and 320690?
10
Calculate the highest common divisor of 11532 and 201.
3
Calculate the greatest common divisor of 151 and 252019.
151
Calculate the greatest common divisor of 181367 and 11761.
619
Calculate the greatest common factor of 116 and 2412742.
58
Calculate the greatest common divisor of 27 and 3011112.
9
Calculate the highest common divisor of 245549 and 1927.
41
Calculate the highest common divisor of 2380 and 2088620.
340
Calculate the greatest common divisor of 100 and 1283675.
25
What is the highest common divisor of 189 and 34857?
27
What is the greatest common factor of 9231 and 905?
181
What is the highest common divisor of 3672 and 344709?
459
What is the greatest common factor of 50 and 113440?
10
What is the greatest common factor of 5365 and 2?
1
What is the highest common divisor of 6292 and 2662?
242
What is the highest common factor of 142569 and 315?
63
What is the highest common factor of 2277 and 162?
9
What is the highest common divisor of 1603 and 18926621?
1603
Calculate the greatest common divisor of 1676952 and 180.
36
Calculate the highest common divisor of 1563 and 13549647.
1563
Calculate the highest common factor of 1551 and 28050.
33
What is the highest common divisor of 2072 and 11816?
56
What is the highest common divisor of 78486 and 87756?
618
What is the greatest common factor of 7648 and 4541?
239
What is the highest common divisor of 10040 and 520?
40
Calculate the greatest common factor of 413 and 707.
7
What is the highest common divisor of 538 and 193411?
269
Calculate the highest common divisor of 85915 and 10.
5
What is the greatest common factor of 197719 and 163?
163
What is the greatest common divisor of 335 and 343?
1
What is the greatest common divisor of 745 and 836635?
745
What is the highest common divisor of 48573 and 133383?
771
What is the greatest common factor of 229767 and 17632?
551
What is the greatest common divisor of 2296 and 51168?
328
Calculate the greatest common divisor of 6263141 and 38.
19
What is the greatest common factor of 18161 and 1144?
143
Calculate the highest common divisor of 559 and 338.
13
What is the greatest common divisor of 265 and 130115?
265
What is the greatest common factor of 74 and 48322?
74
Calculate the highest common divisor of 18605 and 20.
5
What is the highest common factor of 402280 and 1424?
712
Calculate the highest common divisor of 612 and 1684836.
612
What is the greatest common factor of 366670 and 148?
74
Calculate the highest common factor of 16 and 90640.
16
What is the greatest common divisor of 13 and 149513?
13
What is the greatest common factor of 144823 and 119?
119
What is the highest common factor of 5085 and 23165?
565
What is the highest common factor of 240 and 26256?
48
What is the greatest common divisor of 20007 and 114?
57
Calculate the greatest common divisor of 1041615 and 225.
45
What is the greatest common divisor of 2363930 and 740?
370
Calculate the greatest common factor of 469 and 2296.
7
Calculate the greatest common divisor of 2106 and 360936.
162
Calculate the highest common divisor of 8384 and 5184.
64
Calculate the greatest common factor of 4996394 and 806.
806
What is the greatest common divisor of 36 and 5152812?
12
What is the highest common factor of 1604 and 382554?
802
What is the greatest common factor of 2570 and 920?
10
What is the greatest common factor of 34299 and 41625?
333
Calculate the highest common factor of 254733 and 741.
57
What is the highest common factor of 645 and 444835?
215
Calculate the greatest common factor of 30464 and 5586.
14
What is the highest common divisor of 156 and 15158?
26
Calculate the highest common factor of 10050 and 975.
75
Calculate the greatest common factor of 95 and 11980.
5
Calculate the highest common factor of 2358 and 206194.
262
What is the greatest common factor of 18 and 3903?
3
What is the greatest common divisor of 62 and 63643?
31
What is the greatest common factor of 46556 and 412?
412
What is the greatest common divisor of 510 and 103632?
102
What is the greatest common factor of 122048 and 64?
64
Calculate the greatest common 